 + z. What are the prime factors of i?
23
Let o = -3 + 1. Let c be -2*((-6)/2 - o). Suppose 1 = -c*s - 5*n + 2, 14 = 5*s + n. What are the prime factors of s?
3
Suppose 2*p + 2*p = h - 10, 12 = 4*h - 2*p. List the prime factors of 41/(h/(-8)*-4).
41
Suppose -5*r - 2*y = -943, 0 = -2*r + r + 2*y + 191. What are the prime factors of r?
3, 7
Suppose -4*o + 8 = -0*o. Let t = 2 - 4. List the prime factors of 6*2 - (t + o).
2, 3
Let d(w) = 2*w + 3. Let s be d(-5). Let v = s + 19. List the prime factors of v.
2, 3
Let i be ((-27)/(-4))/((-1)/4). Let a = -24 - i. What are the prime factors of a?
3
Suppose -4*w = 12, 0 = 5*c + 2*w - 3*w + 62. Let n = 19 + c. List the prime factors of n.
2, 3
Let i(l) = -l**2 - 2*l - l + 3 + 6 - 5. Let v be i(-4). Suppose v*q + 17 = q. What are the prime factors of q?
17
Suppose 5*s - 2 = 3*w, 2*w = -2*w + 4*s. Let g = 5 - w. What are the prime factors of g?
2
Let k(n) = -n**2 + 6 - 8*n + 3 + 0*n. Let l = 1 - 9. What are the prime factors of k(l)?
3
Suppose 0*a = 3*a - 87. List the prime factors of a.
29
Suppose -22 = -5*p - 4*q + 5*q, -6 = -3*p + 3*q. Let n(h) be the second derivative of h**5/20 - h**4/2 + 7*h**3/6 - 2*h. What are the prime factors of n(p)?
2, 5
Suppose n - 10 = 6. List the prime factors of n/1 + 1 + 1.
2, 3
Suppose d + 2 = -2*l, -2*l + 4*d + 2 = 14. Let w be (-1 - l)/(4/(-8)). Let f = 3 - w. What are the prime factors of f?
5
Let j be 1/(2*(-4)/(-72)). Suppose -j*l = -5*l - 124. What are the prime factors of l?
31
Suppose -r + 18 = 5*p - 81, r = -2*p + 39. Let w = p + -12. What are the prime factors of w?
2
Let g(l) = l**3 + 7*l**2 + 7*l + 1. Let x be g(-6). Let u = 3 + x. Let m = 0 - u. List the prime factors of m.
2
Let x be 3/6*38 + -3. Suppose 5*m - x = -2*h, -2*h - 3*m - 66 = -5*h. List the prime factors of h.
2, 3
Let p be 4/(-24) + 26/12. List the prime factors of (-1)/p - 33/(-6).
5
Let l = -1 + 11. Let f = -1 + 1. Suppose f*d - l = -2*d. What are the prime factors of d?
5
Let f(m) = -m**3 + 7*m**2 + 4. Let y be f(7). Suppose 3*z + 16 = y*z. List the prime factors of 1*(-1*z)/(-2).
2
Let k = 4 + 17. Let f = k + -13. Let m = f + -6. What are the prime factors of m?
2
Let z(j) = -j**2 + 9*j + 8. Let i be z(6). Suppose -3*k - i = -71. List the prime factors of k.
3, 5
Let n = -251 + 450. List the prime factors of n.
199
Let x(o) be the third derivative of o**7/2520 - 7*o**5/120 - o**4/6 - 4*o**2. Let n(r) be the second derivative of x(r). What are the prime factors of n(5)?
2, 3
Suppose 10 = w - 1. Let g = w - 10. List the prime factors of (4*2)/(g + 1).
2
Let m(k) = k**2 + k. Let s be m(-3). Suppose s*a = 4*a. Suppose 3*r - 3*c - 30 = a, -3*r + 5*c + 34 = 3*c. List the prime factors of r.
2, 7
Let j be 5/(10/4) - 3. Let n be 78/j*(-1 + 2). List the prime factors of (-2)/(-8) + n/(-8).
2, 5
Let z = -76 - -156. What are the prime factors of z?
2, 5
Suppose -2*a = -0*a - 58. What are the prime factors of a?
29
List the prime factors of (-1 + (-2 - -4))/((-6)/(-1524)).
2, 127
Let d(y) be the second derivative of -y**4/12 - 2*y**3/3 + 2*y**2 - y. Let f be d(-5). Let v = 10 - f. List the prime factors of v.
11
Let n(j) = j - 2. Let f be n(5). Suppose -f*q + 8 + 79 = 0. List the prime factors of q.
29
Let z be -2*(-3)/6 - 2. What are the prime factors of (z - -34)*6/9?
2, 11
Let l = 6 + 0. Let x be (0 + 9/l)*2. Suppose -2*t - 71 = -6*t + 3*w, -x*w + 14 = t. List the prime factors of t.
17
Suppose u = -3*z + 2*u + 3, -4*u - 12 = -z. Suppose z*x = -2*x + 24. List the prime factors of x.
2, 3
Let k = -12 + 49. Let x = k + -24. What are the prime factors of x?
13
Let f(c) = -c**3 + 9*c**2 + 9. What are the prime factors of f(5)?
109
Suppose -4*x - 12 = 0, 5*k + 3*x - 1 = -10. Suppose -3*d + 106 - 37 = k. What are the prime factors of d?
23
Let z(q) = q**3 + 5*q**2 - 2*q - 4. Let b be z(-5). Let f = -6 + b. List the prime factors of 2/4*10 + f.
5
Suppose -2*t = -0 - 6. Suppose a - 60 = -t*a + 4*v, 24 = 2*a - 5*v. List the prime factors of a.
17
Let b(w) = -w + 10. Let j(t) = t**2 + 11*t + 12. Let x be j(-10). Suppose 2*o = p - 10, -x*o - 23 = -2*p - 5. What are the prime factors of b(p)?
2
List the prime factors of 2146/8 + ((-14)/8)/7.
2, 67
Let j(k) = k - 14. Let r be j(8). What are the prime factors of (440/(-30))/(4/r)?
2, 11
Let g(p) = p**3 + 3*p**2 - 7*p - 10. Let c be g(-4). Let u(w) = 11*w**2 - 5*w + 1. List the prime factors of u(c).
5, 7
Suppose 2*b - p = -2*b + 24, -4*p - 36 = -4*b. Suppose -110 = -5*g - b. Suppose -7 = -4*d + g. List the prime factors of d.
7
Let t = -4 - -6. Suppose t*q + 4 = 68. Suppose d = 5*d - q. List the prime factors of d.
2
Let c(b) be the third derivative of -b**4/12 + 2*b**3/3 - b**2. Let g be c(-3). List the prime factors of 2/4*2*g.
2, 5
Suppose i - 6*i - 175 = 0. Let l be ((-14)/i)/((-1)/10). Let q = 6 - l. What are the prime factors of q?
2, 5
Let k = -11 + 8. List the prime factors of k/((-9)/(-14))*-3.
2, 7
Let y(v) = -v**3 + 5*v**2 - v - 2. Let f be y(5). Let l be (-51)/f + (-6)/21. List the prime factors of 2/(-7) - (-23)/l.
3
Let y = -14 + 14. Suppose -4*x - 5*j + 35 = y, -x - 2*j - 5 = 2*j. List the prime factors of x.
3, 5
Let w(y) = 6*y**3 - 2*y. Let x(u) = -5*u**3 - u**2 + u. Let m(k) = 4*w(k) + 5*x(k). Let z be m(-4). What are the prime factors of ((-44)/(-6))/(z/(-6))?
11
Suppose -6*b = -2*b - 168. List the prime factors of b.
2, 3, 7
Let a = 40 - 18. List the prime factors of a.
2, 11
Let r = -22 - -44. List the prime factors of r.
2, 11
Suppose 2*m + 0 + 17 = 5*y, -4*m - 4 = -4*y. Suppose 0 = a + 2 - y. Suppose -n + 1 - 3 = a*k, -4*n = -3*k - 67. What are the prime factors of n?
13
List the prime factors of 1/(((-4)/18)/((-124)/3)).
2, 3, 31
Let u(y) = 8*y**2 - 9 - 1 + 0*y - y**3 + 2*y - 4*y. List the prime factors of u(7).
5
Let i be 8/(1/1*2). Suppose 0 = r + b + i*b + 15, 3*r = -2*b + 7. Suppose 0 = -3*j - 3*v + 45, -3*j - r*v + 45 = -j. List the prime factors of j.
2, 5
Suppose b = -3*l + 2*b + 134, 0 = 5*l - 2*b - 223. Suppose -3*n + 8*n + l = 2*t, -3*t - n + 42 = 0. Suppose -2*v + 5*v - t = 0. What are the prime factors of v?
5
Let p(h) = -3*h + 3. List the prime factors of p(-8).
3
Suppose 2*f = d - 183, 2*d + 3*d + 5*f = 960. What are the prime factors of d?
3, 7
Let l(o) = -o**2 + 14*o + 12. Let z = 23 - 10. What are the prime factors of l(z)?
5
Let a(q) = -26*q + 39. List the prime factors of a(-6).
3, 5, 13
Suppose 0 = -5*n + 4*n + 2. What are the prime factors of (1/n)/(1/10)?
5
Let l be ((-9)/3 + 1)*-4. Suppose -2*h - 2*h - l = 0. Let r(g) = g**3 + 3*g**2 + 2*g + 3. List the prime factors of r(h).
3
Let k = -45 + 87. What are the prime factors of k?
2, 3, 7
Let j = -24 - -41. List the prime factors of j.
17
Let m(d) = -3*d. Let c be m(-1). Suppose 5*z + 2 = -c*h, 6*z - 10 = -3*h + 4*z. Let g = h - 2. What are the prime factors of g?
2
What are the prime factors of (-1)/((-2 + 6)/(-688))?
2, 43
Let m(h) = -h + 3. Suppose 3*q - 6*q = -18. Let z = q + -14. What are the prime factors of m(z)?
11
Suppose 3 = 2*t + 7. Let w be (6 - t) + -2 - 0. Suppose 0 = c - w - 4. List the prime factors of c.
2, 5
Let i(b) = -b - 3. Let q be i(-5). Let r = 19 - q. Suppose 3*g + r + 1 = 3*a, -2*a - 3*g + 37 = 0. What are the prime factors of a?
11
What are the prime factors of (0 - -1)*((-1)/(-1) - -168)?
13
Suppose -3*k + 2*p = -410, 0*p - 556 = -4*k + 5*p. Suppose -k = -4*w - 26. List the prime factors of w.
3
Suppose 3*r + 24 = 5*r. What are the prime factors of r?
2, 3
Suppose -4 = 4*x, 4*w + 2*x - 12 = -2*x. Suppose -w*j = j. List the prime factors of 6 + (j - 2 - -2).
2, 3
Let i = -3 + 4. Let x be 1*(i - (0 - -2)). List the prime factors of ((-2)/6)/(x/12).
2
Let z(s) = s**3 - s + 68. Let d be z(0). Suppose 0 = 6*y - 2*y - d. List the prime factors of y.
17
Suppose -y - 3*f + 62 = 0, 4*f = 4*y - 175 - 153. What are the prime factors of y?
7, 11
Let j be -1 + 1 - -2*35. Suppose k = 2*t - 34, -4*t + 0*t + j = -3*k. List the prime factors of t.
2
Suppose 8 = 4*u, 0*h + 7 = -h + 3*u. Let m = h + 6. Suppose 11 = 4*z - m. What are the prime factors of z?
2
Suppose -4 = -3*n + 2*x - 3*x, 0 = -5*n - 5*x - 10. Suppose -n*d + 5 = -13. What are the prime factors of d?
2, 3
Let a(s) be the first derivative of s**3/2 - 4*s**2 - 2*s - 1. Let q(l) be the first der